 and 2072084?
86
Calculate the highest common factor of 39312 and 118476.
108
Calculate the highest common factor of 4263 and 1392321.
21
What is the highest common factor of 1827432203 and 28414?
14207
What is the greatest common factor of 519 and 14906718?
519
Calculate the highest common divisor of 532802 and 46.
2
Calculate the greatest common divisor of 709416744 and 24.
24
Calculate the greatest common factor of 16654 and 282887.
11
Calculate the highest common factor of 6422 and 894881.
247
What is the highest common factor of 17631 and 971664?
1959
Calculate the highest common factor of 8166509 and 26.
13
Calculate the highest common divisor of 3079 and 42431699.
3079
Calculate the greatest common divisor of 1772 and 219357652.
1772
What is the greatest common factor of 31432070 and 109810?
1390
Calculate the greatest common factor of 3269279 and 13.
13
What is the highest common divisor of 12320 and 1183490?
770
What is the greatest common divisor of 10638 and 83940518?
394
What is the highest common factor of 31319353 and 1196?
299
What is the highest common divisor of 22559 and 23477?
17
What is the highest common factor of 89063 and 269204?
403
Calculate the highest common divisor of 27095088 and 64.
16
What is the highest common factor of 663324 and 456?
12
What is the highest common divisor of 215429032 and 33124?
4732
Calculate the highest common divisor of 14 and 16198282.
2
Calculate the greatest common factor of 19002167 and 5.
1
What is the highest common factor of 4331 and 234240?
61
Calculate the highest common divisor of 868092187 and 148.
37
What is the greatest common factor of 2592 and 299447712?
864
What is the highest common factor of 49264068 and 1207941?
12453
What is the greatest common factor of 6 and 21210828?
6
What is the greatest common divisor of 218979 and 36524187?
7551
Calculate the greatest common divisor of 7099 and 311669.
229
What is the greatest common divisor of 64889 and 325193?
187
Calculate the highest common factor of 165 and 6354370.
55
What is the greatest common divisor of 5122 and 2833350?
26
Calculate the greatest common divisor of 17193212 and 2316.
772
Calculate the greatest common divisor of 19364 and 1463908718.
9682
What is the greatest common factor of 9261 and 1615187?
343
What is the greatest common divisor of 133807997 and 2852?
713
Calculate the greatest common factor of 203983 and 45227.
923
Calculate the greatest common factor of 8 and 6992376.
8
What is the greatest common divisor of 16576 and 89894?
14
What is the greatest common factor of 1772028 and 148?
4
Calculate the highest common factor of 266445 and 180.
45
What is the greatest common factor of 396322629 and 199?
199
Calculate the highest common factor of 19056 and 436032.
48
What is the greatest common factor of 2614782 and 6302?
274
What is the greatest common divisor of 467406 and 729?
9
Calculate the greatest common factor of 66430 and 234598.
182
Calculate the greatest common divisor of 7128 and 78606.
198
Calculate the greatest common factor of 60885513 and 16848.
1053
What is the greatest common divisor of 13499725 and 125?
25
What is the highest common divisor of 784 and 776368?
16
What is the highest common divisor of 3800 and 358378?
38
What is the highest common factor of 264 and 48016932?
12
What is the greatest common divisor of 1020252 and 2148?
12
Calculate the highest common factor of 4235 and 1037057.
7
What is the highest common factor of 1116 and 25303440?
372
What is the highest common divisor of 469 and 17160643?
67
Calculate the greatest common factor of 121134 and 702078.
78
Calculate the greatest common divisor of 108028 and 52432.
452
Calculate the greatest common factor of 13446 and 13890771.
81
What is the highest common factor of 1491204 and 67308?
948
What is the greatest common divisor of 128480192 and 992?
32
Calculate the greatest common divisor of 3824758 and 14427.
1603
Calculate the highest common factor of 40549 and 123238.
43
What is the highest common divisor of 511150 and 7950?
50
Calculate the highest common factor of 16 and 26050224.
16
Calculate the highest common divisor of 108 and 8766264.
12
What is the greatest common factor of 6437 and 1959554?
41
What is the greatest common divisor of 65 and 238583410?
65
What is the highest common factor of 354 and 276967122?
354
What is the greatest common factor of 714 and 90377644?
238
Calculate the greatest common factor of 31538 and 114931750.
2426
Calculate the greatest common divisor of 107073256 and 970.
194
What is the greatest common divisor of 10375 and 2397375?
125
Calculate the highest common factor of 716662 and 1046.
2
Calculate the highest common divisor of 3119635 and 3376.
211
What is the greatest common factor of 204 and 540532?
68
What is the highest common divisor of 3311 and 107173?
11
Calculate the greatest common divisor of 466872705 and 1641.
1641
What is the highest common factor of 37206 and 4536747?
477
Calculate the greatest common factor of 1503662 and 106168.
1154
What is the highest common factor of 139 and 310608983?
139
Calculate the highest common factor of 3799292 and 252.
28
Calculate the greatest common divisor of 984 and 100696.
328
What is the greatest common divisor of 141224782 and 74?
74
What is the highest common divisor of 12625101 and 1482?
57
Calculate the highest common divisor of 899 and 785059.
29
Calculate the greatest common factor of 3701029 and 76.
19
Calculate the greatest common divisor of 48968 and 96088.
8
Calculate the highest common factor of 34221 and 1542189.
561
Calculate the highest common factor of 1176 and 1670064.
24
Calculate the highest common divisor of 105154 and 31598.
518
Calculate the highest common factor of 252 and 164264562.
126
Calculate the greatest common divisor of 12772 and 658006.
62
Calculate the highest common factor of 113172 and 204.
12
What is the highest common divisor of 596 and 8034229?
149
Calculate the highest common factor of 4875 and 443875.
125
Calculate the highest common factor of 2481453 and 1706406.
6513
What is the highest common factor of 155708365 and 820?
205
Calculate the greatest common factor of 1212848 and 2873.
221
Calculate the greatest common factor of 113076 and 6431372.
1396
What is the highest common factor of 503 and 25477453?
503
Calculate the highest common divisor of 667 and 709541927.
667
What is the highest common divisor of 1140 and 24610035?
285
What is the highest common divisor of 51218134 and 2134?
2134
What is the highest common factor of 13491 and 32059113?
4497
What is the greatest common factor of 618 and 12776754?
6
Calculate the highest common divisor of 8023688 and 23552.
184
What is the highest common factor of 12170796 and 3036?
132
What is the greatest common factor of 112 and 23058744?
8
What is the greatest common factor of 185448 and 2568?
24
Calculate the greatest common divisor of 1152162 and 639606.
726
Calculate the highest common factor of 5432109688 and 4001.
4001
Calculate the greatest common divisor of 443764 and 76.
76
Calculate the greatest common divisor of 1774517535 and 5085.
5085
Calculate the highest common divisor of 2373 and 10337127.
339
Calculate the greatest common divisor of 13241271 and 171.
57
Calculate the greatest common factor of 33824973 and 483.
483
What is the highest common divisor of 934923 and 615?
123
What is the greatest common factor of 2839808 and 1376?
32
Calculate the highest common divisor of 93196 and 230000.
92
Calculate the highest common divisor of 26016525 and 2025.
675
Calculate the greatest common factor of 6800 and 1993200.
400
What is the greatest common factor of 36440 and 512?
8
What is the greatest common divisor of 5936 and 33122032?
848
Calculate the highest common divisor of 393054 and 24.
6
What is the highest common factor of 1897 and 27406501?
271
What is the greatest common divisor of 349178 and 2601622?
4918
Calculate the highest common divisor of 58040210 and 14495.
1115
Calculate the greatest common factor of 78872028 and 738.
246
Calculate the highest common factor of 72 and 12357342.
18
Calculate the highest common factor of 25313592 and 24.
24
Calculate the greatest common factor of 1588503 and 41741.
469
What is the highest common fa